er?
False
Let b be (-11 - 7)*(0 - (-1 - 0)). Let p = b + 20. Suppose p*c = 61 + 633. Is c a composite number?
False
Let j(l) be the third derivative of l**6/12 + l**5/30 + 5*l**4/8 - 23*l**3/6 - 5*l**2 + 7*l. Is j(4) prime?
True
Let i(j) = 2470*j**3 - 23*j**2 + 118*j - 4. Is i(5) a prime number?
True
Is (-8)/(-14) - 56710895/(-497) a prime number?
False
Let a be (-119)/7*(-2 + 1). Let b = -6892 - a. Is 1/6 - (b/18 - -3) prime?
False
Suppose 0 = h + 11 - 13. Suppose 3*m + b = 3*b + 13319, -h*m + 8877 = b. Is m prime?
False
Let y be (3390/(-20))/(3/(-72)). Let z = 6787 - y. Is z a prime number?
True
Suppose 3*f - 156601 - 103710 = 2252. Is f a prime number?
False
Suppose 4*z - 8 = 3*t, -2*z + 0*z = -4*t + 6. Suppose -a + 3*a = 2*j - 48, -3*a = -t*j + 77. Let y = 72 + a. Is y a composite number?
False
Suppose -7*y + 10086 = -16115. Suppose -3*h + 44336 = y. Is h composite?
True
Let r(y) = 52*y**3 + y**2 + 36*y - 334. Is r(13) a prime number?
True
Let s = 5143 + -8517. Let o = s + 7645. Is o a prime number?
True
Let c = 232736 + -84319. Is c a prime number?
False
Is (-3)/(54/(-4)) - (-57927705)/297 a composite number?
False
Let y(b) = -b - 23. Let h be y(-13). Let u = h - -16. Let q(x) = 2*x**3 - 5*x**2 + 12*x + 7. Is q(u) a prime number?
True
Let c = 2805 - 4243. Let x = 125 - c. Suppose 97*y - 100*y = -x. Is y a prime number?
True
Let m(v) = -4*v + 303. Let i be m(0). Let z = 1 - 1. Suppose z*c = c - i. Is c a composite number?
True
Let w = 195 - 189. Suppose -w*y + 1562 = -2224. Is y prime?
True
Let q = 106811 - 43050. Is q a prime number?
True
Let t be 113/7 - (-22)/(-154). Let a = t + -13. Suppose -h - 508 = -2*o + o, a*h - 2548 = -5*o. Is o composite?
False
Let w(h) = -h**3 + 16*h**2 - 8*h + 36. Let m be w(12). Suppose 3*i = 921 + m. Is i a prime number?
True
Suppose -2*i + 12*i = 107920. Suppose 2*t + 5974 = 2*k - 6038, -4*t = 3*k + 24045. Let x = i + t. Is x composite?
False
Let j be (2/(-3))/((-1)/3). Suppose -1 = -j*l + 3, -4688 = -2*m + l. Suppose -2*n + m = -2813. Is n a prime number?
True
Let b be -2*3/6 + -4 + 5. Let m be 1091 + b + (-1 - 2). Suppose 0 = -3*l - 4*q + 3239, -5*l - 3*q = -4*l - m. Is l a composite number?
True
Let k = -44599 + 67452. Is k composite?
False
Is ((-480)/72 - -8)/(4/50067) composite?
True
Suppose 7*h - 1669257 = 1077004. Suppose 0 = 11*u - h - 370120. Is u a composite number?
False
Suppose 0 = -10*w + 17973 - 64073. Let n = w - -6981. Is n composite?
False
Suppose 0 = -4*z - 16, 3*y + 6285 = 2*z + 34574. Is y prime?
False
Let n(q) = 11*q**3 + 39*q**2 - 209*q - 545. Is n(58) composite?
False
Let t(x) = 649*x + 1894*x + 38 + 196*x. Is t(1) a prime number?
True
Let n = -1634 - -3627. Is n composite?
False
Let h be 50/(-125) + 27/5. Suppose -5*y = -h*s - 4890, -4*y = -2*s + 7*s - 3885. Suppose 5*z = -4*x + y, -344 = 4*z - 5*x - 1083. Is z prime?
True
Suppose -2*i = 3*q - 18, 4*i - 2*i - 2 = q. Suppose -4 = 2*j, 2*n + i*j - 7417 = 30183. Is n prime?
True
Suppose 81357 = -4*i - 3*l + 347730, -266372 = -4*i - 4*l. Let h = -33845 + i. Is h a prime number?
True
Let n(u) = u**2 + 2*u + 1. Let t be n(-2). Is -30*t/(-4)*(-92)/(-6) a composite number?
True
Suppose 0 = 2*u + 3*k - 37, 5*u + k = 4*k + 145. Let r = 32 - u. Is (1/(-3) - -1) + 2864/r a composite number?
True
Let d = 25515 - 10036. Is d composite?
True
Let h be (-20)/(-8)*8/20. Let g be (21 - 21)/(1*(h - 0)). Suppose -i = -g*i - 149. Is i prime?
True
Suppose 152*m = 51*m + 89564073. Is m prime?
False
Suppose 0 = 5*l + 20, -14*x + 15*x - l = 6438. Is x prime?
False
Let c be (-56)/98 + (-1116)/14*-26. Suppose -6*i + c + 5014 = 0. Is i prime?
True
Let x(f) be the second derivative of -365*f**3/2 - 95*f**2/2 - 10*f. Is x(-8) prime?
False
Suppose 26*s - 21*s + 20 = 0, 4*m = s - 156776. Let i = m - -57922. Is i composite?
True
Suppose -5*a = 5*u, -u + 2 = -2*u. Suppose -5*n + a = 2772. Let q = -51 - n. Is q a prime number?
True
Suppose -5*h = 6*v - 2*v - 45845, 0 = -h - 4*v + 9153. Is h a prime number?
True
Let l(h) = 5614*h**3 + 17*h**2 - 34*h - 1. Is l(2) prime?
False
Let i(r) = r**2 - 13*r + 18. Let s be i(11). Let b be s*(915/(-20) - 1). Suppose -2*c = -657 - b. Is c prime?
False
Suppose -i = -b + 814, 3256 = -4*i - b - 3*b. Let x = 1253 + i. Suppose -7*m + x = -6*m. Is m prime?
True
Let j(h) = -7*h**3 + 15*h + 11. Let q(o) = -8*o - 1 + 15*o - 3*o**3 + 6. Let d(y) = 2*j(y) - 5*q(y). Is d(11) composite?
True
Let r(u) = 185*u**2 - 83*u - 33. Let f be r(-38). Suppose 22*v - f = 13*v. Is v prime?
True
Let o = -10424 + -6315. Is 4*(-3)/24 - o/2 composite?
False
Suppose -u = x - 74270, 2*x = 5*u + x - 371326. Is 22/55 - u/(-10) a composite number?
True
Suppose 0 = -0*g - g - 44. Let w be (-55)/(2 + -3)*-2. Is (g/w)/(4/7010) a composite number?
False
Suppose -12 = -2*j - 3*d, -4*j + 3*j + 3*d = -24. Suppose 2*p + m = 3, 2*m - 2 + j = 4*p. Suppose p*t - 2905 = -5*x, 5*x + 1119 = -4*t + 4024. Is x composite?
True
Suppose 2*c = n - 14, -5*c - 3*n - 35 = -n. Let h be -4*1 - (11 + c). Is (-514)/h*16/4 a composite number?
False
Let m(p) be the second derivative of p**4/12 - 3*p**3/2 - 95*p**2/2 + 13*p - 2. Is m(-12) a prime number?
True
Let f = -11592 - -55229. Suppose 9*l + f = 20*l. Is l composite?
False
Let i = 23 + -15. Let b = i - 8. Suppose b = 8*u - 10*u + 1438. Is u a composite number?
False
Suppose -523*r = -439*r - 328188. Is r a prime number?
True
Suppose 0 = -11*h - 7616 + 46985. Suppose -149*j + 146*j = -h. Is j composite?
False
Let o = -6498 - -45997. Is o a prime number?
True
Let p(d) be the third derivative of 32*d**6/15 + d**5/15 - d**4/6 - d**3/2 + 41*d**2. Is p(4) prime?
False
Let u = 64 - 61. Is (-3 - (-2 - u))*26654/4 a prime number?
True
Let t = 278 - 220. Suppose -u - 5*f = -t, 5*u - 4*f + 8*f = 395. Is u prime?
True
Suppose 60 - 45 = 3*s. Suppose 0*j - 27 = -s*a - j, a - 3 = j. Suppose -3*i - 6 = 0, -a*i - 583 = -2*l + 41. Is l a composite number?
False
Let v(y) = -4*y**3 - 16*y**2 + 69*y - 38. Is v(-23) a prime number?
False
Let h(a) = 21*a**2 - 18*a - 53. Let x be (62 + 1 + -7)/2. Is h(x) a composite number?
False
Suppose -3*z + 27 = -4*q - 72, -4*z + 2*q + 132 = 0. Let g(c) = 30*c + 19*c + z - 8. Is g(18) composite?
False
Suppose 2*v = -3*f + 95 - 24, -2*f = -3*v - 30. Suppose 0*t = -7*t + f. Suppose -4*q + j + 396 = 5*j, 2*q = -t*j + 202. Is q a prime number?
False
Let m = 7613 - 4833. Suppose -s = -0*s. Suppose -2*b + 738 + m = s. Is b a composite number?
False
Suppose 0 = 2*h - 2, 11*h = w + 9*h - 1. Suppose 951 = 5*o - s, -w*s - 593 = -3*o - 8*s. Is o a composite number?
False
Let l be 75180/40 + (-1)/(-2). Suppose -11*m + l + 7151 = 0. Is m prime?
True
Suppose 25*n - 79 - 796 = 0. Is (-5615)/4*(-28)/n prime?
True
Let s be (3 - -9)*(-16)/(-12). Suppose -5*w + 3*w - 2*o = -s, 2*w - o - 28 = 0. Is (-14 + w)/((-2)/202) composite?
True
Suppose -5*u = -59 + 39. Is u/22 - (9 + 135340/(-22)) a composite number?
False
Let s be 11 + (2 - 1) + (-5)/(-5). Suppose 15880 = s*k - 11*k. Suppose -6*d + k = -5962. Is d a prime number?
False
Suppose 10*x - 39993 = 126377. Is x composite?
True
Is (1176/112)/((-3)/(-90276)) - -11 composite?
False
Let d(z) = 81*z**2 + 8*z - 10. Let f be d(6). Suppose 0 = -3*w + 15, 0 = -2*s + w - f + 945. Is (s/(-2) - 0) + 2 composite?
False
Suppose 5*l - 2*x = 3033615, -46 = -4*x - 66. Is l composite?
False
Let s = -2412 - -2488. Suppose 0 = 2*m - 2*l + 1983 - 199, -5*m - 4462 = -4*l. Is (m/10)/(-4 - s/(-20)) composite?
True
Let j = 33 + -21. Is 4/j - (-166080)/45 composite?
False
Suppose 0 = 2*p - 12, -f - 267*p + 34001 = -272*p. Is f a prime number?
True
Let q be 1710/50 + (-3)/15. Let f(s) = 18*s**2 - 69*s - 35. Is f(q) prime?
True
Suppose -17*t + 616 = -6*t. Is t/(-28) + -2*(-2223)/6 composite?
False
Suppose 9*s = -s + s. Suppose 0 = g - 5, -2*x + 7*g - 6*g + 4325 = s. Is x a prime number?
False
Let z(l) = -1289*l - 702. Is z(-19) composite?
False
Suppose -46*o - 242 = 40*o - 97*o. Let h be (0/2)/1 - 99. Is 1640 + 4/6*h/o composite?
False
Suppose 2*z + 2*v = 60, -z - 60 = -3*z - 5*v. Suppose -10*a - 22340 = -z*a. Is a composite?
False
Suppose 6*k + 1778053 = 77*k. Is k a composite number?
True
Let d be (-12)/15*(-100065)/14. Let j(a) = 1012*a**2 + a - 3. Let t be j(2). Let v = d - t. Is v prime?
False
Suppose -163964 - 1